Evaluate 9 - (-1 - (1 - 6)).
5
What is the value of 1 + (-3 - -5) - 8?
-5
Calculate 1 + -3 - (1 - (-9 - -9)).
-3
0 + (2 - -4 - 6)
0
What is the value of -6 - (2 + 1 + (6 - 11))?
-4
What is 24 + (-23 - (-23 + 14))?
10
Evaluate 3 + -20 - -22 - (1 - -4).
0
Evaluate 4 + (0 - 3 - 3).
-2
Calculate (5 - 3) + (-3 - 3).
-4
What is (-1 - (-2 + -6 + 4)) + -1?
2
Calculate -1 + 3 + (-2 - -4) + -1.
3
Calculate (5 - 1) + (-10 - -6).
0
What is the value of -4 + -3 + 14 + -2 - 0?
5
Calculate (1 - -4) + (-9 + 8 - 1).
3
Calculate 23 + -5 - (-5 + 8 - -5).
10
Calculate -3 + 3 + 5 - (-3 - -5).
3
Calculate 0 + -1 + (-1 - (-6 + 6)).
-2
Calculate (6 - 1) + (9 - 10).
4
Calculate 4 - (-2 + 13 + -5).
-2
-18 + 19 - (-2 + 3)
0
-9 - 1 - -12 - -1
3
Evaluate (-9 - -2) + (-16 - -17).
-6
Calculate 1 + (-7 - 1) - -8.
1
What is -9 + (3 - 2 - -5)?
-3
Calculate 10 + -2 + -3 + -1 - 2.
2
What is 1 + -8 - (-4 + 2)?
-5
3 - 1 - 1 - (0 + 5)
-4
(-1 + 2 - 5) + (-23 - -26)
-1
What is 6 + 1 + (-14 - 0)?
-7
What is 2 + 1 - (-8 + -2 + 14)?
-1
Evaluate (-2 - -4) + 3 + -11 + 0.
-6
What is (2 - 0) + 4 - (8 + -6)?
4
What is the value of (5 - 2) + (-3 - (0 - -1))?
-1
What is 8 + 2 + -5 + 2 + -1?
6
What is the value of (-92 - -85) + (1 - (-8 - 1))?
3
(-6 - 1) + (1 - (7 + -8))
-5
Calculate 3 + (4 - (2 + 2)).
3
Evaluate 3 + -7 + 3 - -2 - -1.
2
Evaluate -1 + (0 - 0 - (2 - 5)).
2
What is the value of 1 - (3 - (-3 - (4 - 7)))?
-2
Evaluate -4 + ((0 - -1) + 2 - 4).
-5
What is -11 + (0 - -6) + 7?
2
What is 8 + -2 + -1 + 0 - 6?
-1
Calculate (2 - 4) + 0 + 6 - 0.
4
What is the value of -5 - (-1 + 2 + 3 + -5)?
-4
Calculate 34 - 36 - (0 + 1).
-3
9 + -9 - (8 + -5)
-3
Evaluate (31 - 7 - 12) + -4.
8
2 + (2 + 4 - 4)
4
Calculate 5 - (0 + 0 - (-18 - -15)).
2
Evaluate 2 - (7 - (-8 - -7)).
-6
-2 + (-5 - (3 + -8)) + -1
-3
Evaluate 4 - (3 + -3) - 5.
-1
Evaluate -5 - (1 - (-3 - -8)).
-1
Evaluate -2 - -3 - 0 - (-10 - -10).
1
What is the value of -9 + (0 - -10 - 4)?
-3
Calculate 4 - (3 + (-1 - (3 + -4))).
1
What is the value of -8 + 12 + -4 + -1?
-1
(7 - 7) + 1 - (0 + -3)
4
What is 6 - (8 - (-8 - -11))?
1
What is the value of 0 - (3 + -4 + -1 + -3)?
5
Evaluate 6 - (17 + (-7 - -3 - 0)).
-7
What is the value of -1 + (3 + 1 - 4) - 4?
-5
(-1 - 1 - (-16 + 20)) + 7
1
Calculate 17 + -2 + 4 + 28 + -36.
11
Evaluate -54 + 56 + -1 + -4.
-3
What is -8 + 2 + 9 + -4?
-1
What is the value of -1 - 8 - (-10 - -1)?
0
Calculate 2 - 1 - (2 - (-14 - -22)).
7
Calculate (-50 - -56) + 1 + 0.
7
What is 7 + (2 - 4) + -10?
-5
Evaluate 3 + -1 + (9 - 2).
9
Evaluate 8 + 7 + -10 + -5.
0
Calculate 10 - (-3 + 14 - (-7 + 12)).
4
What is the value of -2 - (-2 + (-1 - -2))?
-1
What is the value of -4 + (3 + -2 - -1)?
-2
Evaluate -3 - (1 + 0) - -4.
0
Evaluate (-7 - -3 - 2) + 1.
-5
(4 + -4 - -2) + 1 + 2
5
13 + -6 + 2 - 2
7
Calculate -5 + (10 - 13) - (-1 - 2).
-5
Calculate 0 + 1 - (-17 - -15).
3
2 + (-2 - -2) - (2 - 0)
0
What is (7 - 2) + (-54 - -44)?
-5
Calculate -7 + (1 + 6 - -5).
5
What is -7 + 4 + -3 + -1 + 10?
3
Evaluate (11 + -20 - 2) + 13.
2
9 + (-9 + (5 - -1) - 2)
4
Calculate 0 - 0 - (40 + -35).
-5
Evaluate -7 + (-4 - -9) - (-1 + -4).
3
What is -3 + -1 - (1 - 7)?
2
Calculate -8 + 18 + -9 + -1.
0
Calculate -3 - -4 - 6 - -4.
-1
Evaluate 17 + -23 - (2 + -9).
1
What is -6 - (-4 + (4 - (6 - 3)))?
-3
What is -13 - (-16 - -6 - -2)?
-5
What is 11 - (-4 + 10 + (-3 - 2))?
10
What is the value of (3 - 10) + 3 + 4?
0
7 + -6 + 4 + -1
4
What is the value of (13 + -6 - 13) + 0?
-6
Evaluate -6 + (3 - -5 - 5).
-3
-6 - (-3 + (-6 - 1) + 7)
-3
What is (1 - 7) + 50 + -44?
0
Evaluate (-6 + 7 - 5 - -4) + 1.
1
Calculate 2 + (8 - (7 - -2)).
1
What is the value of 1 - ((-3 - -2) + 0)?
2
0 - -9 - (13 - 0)
-4
Evaluate -5 - (-3 + -4) - -2.
4
Evaluate -6 - (-1 + -1) - (-13 - -3).
6
What is 2 - (-3 + (-1 - -4) - -2)?
0
Calculate -12 + 5 + 5 + (2 - 3).
-3
What is the value of 0 - (5 + (-6 - 3)) - 2?
2
-17 + 15 - (0 - 8) - 3
3
Calculate 1 - (-2 + 11 + -6).
-2
Evaluate -17 + (-1 - -3) + 1 + 4.
-10
What is -9 + 2 + -3 + 6?
-4
What is 5 + -5 + 8 + -1 + -3?
4
What is (10 - 15 - -3) + (4 - 0)?
2
Evaluate 1 + -2 + -20 + 27 - 4.
2
(-7 - 1) + -2 + 12 + -6
-4
What is the value of 15 - (4 - (9 - 15))?
5
What is (6 - -4 - 5) + -4?
1
Calculate -10 + 4 + 5 - -4 - 2.
1
What is the value of -1 + -4 - (22 - 32)?
5
(6 - -1) + -11 + 12
8
What is -4 - (-9 + (7 - 6))?
4
What is the value of (13 - ((-5 - 1) + 12)) + -5?
2
0 - (-4 + 2 + 2)
0
What is the value of 4 + 1 + -2 + -1?
2
What is (6 - 24) + 7 - -8?
-3
-1 + 1 - (12 - 9)
-3
What is -3 + (5 - 3 - -5)?
4
(10 + -1 - -6) + -9
6
Calculate (6 - (-5 + 12)) + 4.
3
Evaluate 3 + 2 - 0 - 7.
-2
Calculate (0 - 0) + 2 - (-61 + 67).
-4
Evaluate 55 + -45 + (-1 - 4).
5
What is the value of -1 + 2 + (6 - 1 - 2)?
4
8 + (-3 - (4 + 3 + -5))
3
(-13 - -6) + 1 + 5
-1
What is 5 - (4 + -5 + 0 + -1)?
7
Calculate -2 - 5 - (-1 + 0).
-6
What is the value of -1 + -3 - 0 - (-3 - -4)?
-5
What is the value of -2 - (-5 + 2 + -3) - 5?
-1
What is the value of 10 - (-7 + (15 - (-2 - -3)))?
3
Evaluate 7 - (7 + -4 - 3).
7
What is the value of (2 - 1) + (-3 - (-4 + -5))?
7
Evaluate -4 + (1 - (-4 + 6)).
-5
What is 3 + (-2 - 1 - 3)?
-3
What is the value of 6 - 5 - (5 - 1)?
-3
What is the value of 0 + 1 - (-2 + (1 - -5))?
-3
Evaluate (2 - -7 - (-1 + 6)) + 1.
5
What is 1 - 0 - (-3 - (-14 - -7))?
-3
What is the value of 0 - -2 - 0 - -2 - -1?
5
What is 3 - (-3 - -4) - (-3 - -6)?
-1
Calculate -1 - 1 - ((-2 - -7) + -8).
1
What is (5 + -4 - -3) + (-2 - 5)?
-3
-3 - ((-1 - -1) + (10 - 8))
-5
-17 + 23 - (2 - 0)
4
Calculate (1 - -1) + -7 - (43 - 42).
-6
Evaluate (-3 - (-13 - -11)) + 4.
3
-5 + (3 - (-5 - 4))
7
Calculate -12 + 1 + 10 + (4 - -1).
4
Calculate 0 - (-6 + (13 - 6)).
-1
-8 + 9 + 0 - -3
4
What is 4 + (-14 - -14) + -1 + 0?
3
Evaluate 7 + -3 + (-3 - (3 + 0)).
-2
Evaluate -10 + -1 - (60 + -68).
-3
Calculate -4 - (-2 + 1 + -4).
1
What is the value of (13 - 14) + (3 - 2)?
0
Calculate (-14 - -13) + (8 + -3 - 3).
1
What is 4 - (-6 + 4 + 7)?
-1
Calculate -10 - (-10 + 9 + -11).
2
What is 3 + -1 + 0 + 1 + 1?
4
What is the value of -7 - (4 - 6) - (0 + 0)?
-5
What is 12 + (-21 - -9 - 1)?
-1
What is -6 + -1 + 17 - 1?
9
Evaluate 4 - (-5 - (-6 + 3)).
6
Evaluate -4 + 11 + -11 + -3.
-7
5 + (2 + -11 - (-13 - -13))
-4
What is (3 + -6 - (-3 + -2)) + -7?
-5
What is the value of 7 + (0 - (0 - -4)) - 3?
0
(2 + -7 - -7 - 1) + -1
0
What is the value of (-10 - 2 - -15) + -3?
0
What is -3 - (-2 - -1) - (5 + -2)?
-5
3 + -1 + 4 + -11
-5
3 + -1 - (4 - (-4 - -5))
-1
Calculate 11 + -14 + -2 + -2 + 6.
-1
-10 - (0 - (-11 - -12))
-9
15 - 15 - (0 + 0)
0
Calculate 5 + -1 + -6 + 1 + -4.
-5
What is -3 + -1 + 4 + -2 + -2?
-4
Calculate 4 + (-6 + 13 - 12).
-1
Evaluate 0 + (1 - 1) + -1 - -1.
0
Calculate (5 - 4) + 2 - (0 + -1).
4
Calculate 1 + (0 + 3 - 6) + -3.
-5
11 + -11 + (-3 - 1)
-4
Calculate -5 + 3 - (-3 + -5).
6
What is -5 - (-6 - (-7 + 14 - 4))?
4
What is 4 - ((3 - (6 - 1)) + 2)?
4
What is -3 + 5 + -5 + 0 + 2?
-1
Calculate (12 - 9) + 6 + -15.
-6
What is the value of 6 + (-4 - 2) + -2?
-2
What is the value of 4 + 2 - 4 - 3?
-1
(-5 - -2) + 2 + (-1 - 0)
-2
(0 - (-2 + 1)) + -2 - -1
0
Calculate -1 - 0 - 1 - (-5 + 0).
3
Calculate -24 - -4 - -9 - -10.
-1
What is the value of 8 + (6 - (-1 - -11))?
4
Evaluate (-2 - -1) + (1 - 3) - -4.
1
What is -3 - (4 - (-8 - -3) - 6)?
-6
What is the value of 0 - (7 + -3 - 0)?
-4
What is (2 - (9 + -6)) + -4 + 2?
-3
What is the value of 4 - 0 - (-5 + 12)?
-3
What is the value of -8 + 0 + -5 + (4 - -4)?
-5
Evaluate -8 + (9 - (-6 - -4)).
3
-3 + (-2 - 1) + 3 - -6
3
Evaluate (12 - 6) + (-2 - -2 - -1).
7
Calculate -5 + 3 + 4 + -2.
0
What is 6 + -12 + (0 - -1)?
-5
Evaluate (10 - (-3 - -2)) + -16.
-5
Calculate (-2 - -3) + -1 + -6 + 11.
5
What is the value of -20 - -22 - (-3 + 7)?
-2
What is -1 - ((-1 - -2) + (4 - 3))?
-3
Evaluate -7 - ((-26 - -19) + (0 - -4)).
-4
Evaluate (-2 - -1) + 2 - (10 - 7).
-2
What is the value of -7 + (13 - 2 - -3) - 1?
6
Evaluate (-13 + 6 - (0 - 3)) + 7.
3
What is -3 + 4 + -4 - (-13 + 5)?
5
1 + 1 - -2 - 1
3
4 - (-9 + 11 - 4) - -4
10
Calculate (-3 - -2) + 1 + 1.
1
Evaluate (-6 - -2 - (-4 - 0)) + -4.
-4
What is the value of 0 + 0 + (-1 + -1 - 1)?
-3
Calculate -1 - (2 + -1 - (2 - 1)).
-1
5 + 3 + 1 + (-7 - 1)
1
Evaluate -12 - (-10 + -7) - (5 + -1).
1
What is 0 + 0 + -1 - (6 - 8)?
1
-61 + 6